{"id":241,"date":"2025-06-04T16:40:07","date_gmt":"2025-06-04T09:40:07","guid":{"rendered":"https:\/\/sale.vietnampost.vn\/vaytieudung\/?page_id=241"},"modified":"2025-06-09T12:06:29","modified_gmt":"2025-06-09T05:06:29","slug":"ve-chung-toi","status":"publish","type":"page","link":"https:\/\/sale.vietnampost.vn\/vaytieudung\/ve-chung-toi\/","title":{"rendered":"V\u1ec1 ch\u00fang t\u00f4i"},"content":{"rendered":"<div id=\"i5sx\" class=\"gjs-row\">\n<div class=\"gjs-cell\">\n<div id=\"i3pd\"><span id=\"i2ut\">GI\u1edaI THI\u1ec6U CHUNG<\/span><\/div>\n<\/div>\n<div id=\"icoy\" class=\"gjs-cell\"><\/div>\n<\/div>\n<div id=\"iy49i\" class=\"gjs-row\">\n<div id=\"ijzm\" class=\"gjs-cell\"><img decoding=\"async\" id=\"iyfulz\" src=\"https:\/\/demo1.hanhchinh.net\/uploads\/storage\/vnp\/2024\/05\/04\/6bf00a1b8ac3d314563e7cccf6b569c099c21104.png\" alt=\"6bf00a1b8ac3d314563e7cccf6b569c099c21104.png\" \/><\/div>\n<div id=\"ib2gc\" class=\"gjs-cell\">\n<div id=\"izqte\">\n<p id=\"ix4na\">T\u00ean giao d\u1ecbch:\u00a0\u00a0<span id=\"i6wtu\" class=\"font-bold d-xs-block\">T\u1ed5ng c\u00f4ng ty B\u01b0u \u0111i\u1ec7n Vi\u1ec7t Nam<\/span><\/p>\n<p id=\"il3kf\">T\u00ean vi\u1ebft t\u1eaft:\u00a0\u00a0<span id=\"i598h\" class=\"font-bold d-xs-block\">B\u01b0u \u0111i\u1ec7n Vi\u1ec7t Nam<\/span><\/p>\n<p id=\"ii76bl\">T\u00ean giao d\u1ecbch qu\u1ed1c t\u1ebf:\u00a0\u00a0<span id=\"i44aj5\" class=\"font-bold d-xs-block\">Vietnam Post<\/span><\/p>\n<p id=\"idzdj9\">T\u00ean vi\u1ebft t\u1eaft qu\u1ed1c t\u1ebf:\u00a0\u00a0<span id=\"i38u5f\" class=\"font-bold d-xs-block\">VNPost<\/span><\/p>\n<p id=\"ilp4ak\">\u0110i\u1ec1u l\u1ec7 ho\u1ea1t \u0111\u1ed9ng:\u00a0\u00a0<a href=\"https:\/\/vietnampost.vn\/uploads\/storage\/vnp\/2025\/06\/06\/434c0d23a776a75a78126e2145014a649726375e.pdf\"><span id=\"iu2ofg\" class=\"font-bold text-decoration-none underline position-relative\">T\u1ea1i \u0111\u00e2y<\/span><\/a><\/p>\n<\/div>\n<div id=\"i63ah\" class=\"gjs-row\"><\/div>\n<\/div>\n<\/div>\n<div id=\"i49vf\">\n<p id=\"i1btv\">T\u1ed5ng c\u00f4ng ty B\u01b0u \u0111i\u1ec7n Vi\u1ec7t Nam \u0111\u01b0\u1ee3c h\u00ecnh th\u00e0nh tr\u00ean c\u01a1 s\u1edf tri\u1ec3n khai \u0110\u1ec1 \u00e1n th\u00ed \u0111i\u1ec3m h\u00ecnh th\u00e0nh T\u1eadp \u0111o\u00e0n B\u01b0u ch\u00ednh Vi\u1ec5n th\u00f4ng Vi\u1ec7t Nam (T\u1eadp \u0111o\u00e0n VNPT) do Th\u1ee7 t\u01b0\u1edbng Ch\u00ednh ph\u1ee7 ph\u00ea duy\u1ec7t t\u1ea1i Quy\u1ebft \u0111\u1ecbnh s\u1ed1 58\/2005\/Q\u0110-TTg ng\u00e0y 23\/3\/2005;<\/p>\n<p id=\"i70vk\">&#8211; Ng\u00e0y 01\/6\/2007, Th\u1ee7 t\u01b0\u1edbng Ch\u00ednh ph\u1ee7 \u0111\u00e3 ban h\u00e0nh Quy\u1ebft \u0111\u1ecbnh 674\/Q\u0110-TTg v\u1ec1 ph\u00ea duy\u1ec7t \u0110\u1ec1 \u00e1n th\u00e0nh l\u1eadp T\u1ed5ng c\u00f4ng ty B\u01b0u ch\u00ednh Vi\u1ec7t Nam. Theo \u0111\u00f3 T\u1ed5ng c\u00f4ng ty B\u01b0u ch\u00ednh Vi\u1ec7t Nam l\u00e0 T\u1ed5ng c\u00f4ng ty nh\u00e0 n\u01b0\u1edbc, do Nh\u00e0 n\u01b0\u1edbc th\u00e0nh l\u1eadp, ho\u1ea1t \u0111\u1ed9ng chuy\u00ean v\u1ec1 l\u0129nh v\u1ef1c B\u01b0u ch\u00ednh, h\u1ea1ch to\u00e1n kinh t\u1ebf \u0111\u1ed9c l\u1eadp v\u00e0 \u0111\u01b0\u1ee3c Nh\u00e0 n\u01b0\u1edbc giao v\u1ed1n th\u00f4ng qua T\u1eadp \u0111o\u00e0n, H\u1ed9i \u0111\u1ed3ng th\u00e0nh vi\u00ean T\u1eadp \u0111o\u00e0n VNPT l\u00e0 \u0111\u1ea1i di\u1ec7n ch\u1ee7 s\u1edf h\u1eefu Nh\u00e0 n\u01b0\u1edbc t\u1ea1i T\u1ed5ng c\u00f4ng ty v\u00e0 l\u00e0 H\u1ed9i \u0111\u1ed3ng th\u00e0nh vi\u00ean c\u1ee7a T\u1ed5ng c\u00f4ng ty. Th\u1ef1c hi\u1ec7n Quy\u1ebft \u0111\u1ecbnh 674\/Q\u0110-TTg c\u1ee7a Th\u1ee7 t\u01b0\u1edbng Ch\u00ednh ph\u1ee7, ng\u00e0y 15\/6\/2007 B\u1ed9 B\u01b0u ch\u00ednh Vi\u1ec5n Th\u00f4ng (nay l\u00e0 B\u1ed9 Th\u00f4ng tin v\u00e0 Truy\u1ec1n th\u00f4ng) \u0111\u00e3 ban h\u00e0nh Quy\u1ebft \u0111\u1ecbnh s\u1ed1 16\/2007\/Q\u0110-TCCB-BBCVT v\u1ec1 vi\u1ec7c th\u00e0nh l\u1eadp T\u1ed5ng c\u00f4ng ty B\u01b0u ch\u00ednh Vi\u1ec7t Nam.<\/p>\n<p id=\"i59ox\">&#8211; Ng\u00e0y 16\/11\/2012, Th\u1ee7 t\u01b0\u1edbng Ch\u00ednh ph\u1ee7 ban h\u00e0nh Quy\u1ebft \u0111\u1ecbnh s\u1ed1 1746\/Q\u0110-TTg v\u1ec1 vi\u1ec7c chuy\u1ec3n quy\u1ec1n \u0111\u1ea1i di\u1ec7n ch\u1ee7 s\u1edf h\u1eefu nh\u00e0 n\u01b0\u1edbc t\u1ea1i T\u1ed5ng c\u00f4ng ty B\u01b0u ch\u00ednh Vi\u1ec7t Nam t\u1eeb T\u1eadp \u0111o\u00e0n B\u01b0u ch\u00ednh Vi\u1ec5n th\u00f4ng Vi\u1ec7t Nam (T\u1eadp \u0111o\u00e0n VNPT) v\u1ec1 B\u1ed9 Th\u00f4ng tin v\u00e0 Truy\u1ec1n th\u00f4ng. T\u1ed5ng c\u00f4ng ty B\u01b0u ch\u00ednh Vi\u1ec7t Nam \u0111\u01b0\u1ee3c \u0111\u1ed5i t\u00ean th\u00e0nh T\u1ed5ng c\u00f4ng ty B\u01b0u \u0111i\u1ec7n Vi\u1ec7t Nam (theo Quy\u1ebft \u0111\u1ecbnh s\u1ed1 2596\/Q\u0110-BTTTT ng\u00e0y 28\/12\/2012 c\u1ee7a B\u1ed9 Th\u00f4ng tin v\u00e0 Truy\u1ec1n th\u00f4ng).<\/p>\n<p id=\"it15k\">&#8211; Ng\u00e0y 06\/01\/2015, B\u1ed9 Th\u00f4ng tin v\u00e0 Truy\u1ec1n th\u00f4ng \u0111\u00e3 Ban h\u00e0nh Quy\u1ebft \u0111\u1ecbnh s\u1ed1 09\/Q\u0110-BTTTT v\u1ec1 vi\u1ec7c t\u1ed5 ch\u1ee9c l\u1ea1i C\u00f4ng ty m\u1eb9 T\u1ed5ng c\u00f4ng ty B\u01b0u \u0111i\u1ec7n Vi\u1ec7t Nam theo \u0111\u00f3 m\u00f4 h\u00ecnh t\u1ed5 ch\u1ee9c qu\u1ea3n l\u00fd c\u1ee7a T\u1ed5ng c\u00f4ng ty g\u1ed3m H\u1ed9i \u0111\u1ed3ng th\u00e0nh vi\u00ean v\u00e0 Ban T\u1ed5ng gi\u00e1m \u0111\u1ed1c, ph\u00f9 h\u1ee3p v\u1edbi Ngh\u1ecb \u0111\u1ecbnh s\u1ed1 69\/2014\/N\u0110-CP c\u1ee7a Ch\u00ednh ph\u1ee7. B\u1ed9 m\u00e1y qu\u1ea3n l\u00fd \u0111i\u1ec1u h\u00e0nh c\u1ee7a T\u1ed5ng c\u00f4ng ty theo m\u00f4 h\u00ecnh t\u1ed5 ch\u1ee9c m\u1edbi \u0111\u1ebfn nay c\u0169ng \u0111\u00e3 \u0111\u01b0\u1ee3c ki\u1ec7n to\u00e0n<\/p>\n<h6 id=\"i0nyu\">1. C\u01a0 C\u1ea4U T\u1ed4 CH\u1ee8C<\/h6>\n<p id=\"ihkfm\">C\u01a1 c\u1ea5u t\u1ed5 ch\u1ee9c c\u1ee7a Vietnam Post: 86 \u0111\u01a1n v\u1ecb ho\u1ea1ch to\u00e1n ph\u1ee5 thu\u1ed9c (g\u1ed3m 63 B\u01b0u \u0111i\u1ec7n t\u1ec9nh, th\u00e0nh ph\u1ed1; 17 B\u01b0u \u0111i\u1ec7n Trung t\u00e2m; C\u00f4ng ty PHBC Trung \u01b0\u01a1ng, C\u00f4ng ty V\u1eadn chuy\u1ec3n v\u00e0 Kho v\u1eadn, C\u00f4ng ty Tem B\u01b0u ch\u00ednh, C\u00f4ng ty Logistics B\u01b0u \u0111i\u1ec7n Vi\u1ec7t Nam, C\u00f4ng ty D\u1ecbch v\u1ee5 S\u1ed1 B\u01b0u \u0111i\u1ec7n, Trung t\u00e2m \u0110\u00e0o t\u1ea1o v\u00e0 B\u1ed3i d\u01b0\u1ee1ng nghi\u1ec7p v\u1ee5 B\u01b0u \u0111i\u1ec7n) v\u00e0 01 C\u00f4ng ty TNHH m\u1ed9t th\u00e0nh vi\u00ean do T\u1ed5ng c\u00f4ng ty n\u1eafm gi\u1eef 100% v\u1ed1n \u0111i\u1ec1u l\u1ec7<\/p>\n<h6 id=\"isjs3\">2. V\u1ed0N \u0110I\u1ec0U L\u1ec6<\/h6>\n<p id=\"igvi8\">V\u1ed1n \u0111i\u1ec1u l\u1ec7: 8.122 t\u1ef7 \u0111\u1ed3ng<\/p>\n<h6 id=\"ixgkw\">3. NH\u00c2N S\u1ef0<\/h6>\n<p id=\"i9igm\">T\u1ed5ng nh\u00e2n s\u1ef1 tr\u00ean to\u00e0n m\u1ea1ng l\u01b0\u1edbi: h\u01a1n 60.000 ng\u01b0\u1eddi (bao g\u1ed3m c\u1ea3 c\u1ed9ng t\u00e1c vi\u00ean v\u00e0 \u0111\u1ea1i l\u00fd).<\/p>\n<h6 id=\"ixo14\">4. H\u1ec6 TH\u1ed0NG M\u1ea0NG L\u01af\u1edaI:<\/h6>\n<p id=\"i9w9i\" class=\"font-bold\"><span id=\"iuli8\">H\u1ec7 th\u1ed1ng \u0111i\u1ec3m ph\u1ee5c v\u1ee5: h\u01a1n 14.000 \u0111i\u1ec3m, b\u00e1n k\u00ednh ph\u1ee5c v\u1ee5 b\u00ecnh qu\u00e2n \u0111\u1ea1t 2,67 km\/\u0111i\u1ec3m \u0111\u1ea3m b\u1ea3o m\u1ed7i x\u00e3 c\u00f3 t\u1ed1i thi\u1ec3u m\u1ed9t \u0111i\u1ec3m ph\u1ee5c v\u1ee5, s\u1ed1 d\u00e2n ph\u1ee5c v\u1ee5 b\u00ecnh qu\u00e2n \u0111\u1ea1t h\u01a1n 6.259 ng\u01b0\u1eddi\/\u0111i\u1ec3m.<\/span><\/p>\n<h6 id=\"iv7wh\">5. M\u1ea0NG V\u1eacN CHUY\u1ec2N:<\/h6>\n<p id=\"i7q0f\">&#8211; M\u1ea1ng \u0111\u01b0\u1eddng th\u01b0 c\u1ea5p 1 hi\u1ec7n c\u00f3 104 \u0111\u01b0\u1eddng th\u01b0 chuy\u00ean ng\u00e0nh v\u00e0 ph\u1ee5 tr\u1ee3<br \/>\n&#8211; M\u1ea1ng \u0111\u01b0\u1eddng th\u01b0 c\u1ea5p 2 th\u1ef1c hi\u1ec7n v\u1eadn chuy\u1ec3n gi\u1eefa c\u00e1c trung t\u00e2m khai th\u00e1c t\u1ec9nh v\u00e0 c\u00e1c huy\u1ec7n v\u1edbi 714 tuy\u1ebfn \u0111\u01b0\u1eddng th\u01b0<br \/>\n&#8211; M\u1ea1ng \u0111\u01b0\u1eddng th\u01b0 c\u1ea5p 3: g\u1ea7n 5.700 tuy\u1ebfn \u0111\u01b0\u1eddng th\u01b0<br \/>\n&#8211; M\u1ea1ng \u0111\u01b0\u1eddng th\u01b0 qu\u1ed1c t\u1ebf g\u1ed3m 215 \u0111\u01b0\u1eddng th\u01b0<\/p>\n<h6 id=\"illz7\">6. H\u1ec6 TH\u1ed0NG KHAI TH\u00c1C:<\/h6>\n<p id=\"ioi5f\">&#8211; 05 b\u01b0u c\u1ee5c khai th\u00e1c qu\u1ed1c t\u1ebf th\u1ef1c hi\u1ec7n khai th\u00e1c b\u01b0u g\u1eedi \u0111i v\u00e0 \u0111\u1ebfn qu\u1ed1c t\u1ebf<\/p>\n<p id=\"ibohh\">&#8211; 07 Trung t\u00e2m khai th\u00e1c chia ch\u1ecdn v\u00f9ng mi\u1ec1n B\u1eafc, mi\u1ec1n Trung, mi\u1ec1n Nam<\/p>\n<p id=\"ir2t6f\">&#8211; 11 \u0111i\u1ec3m khai th\u00e1c b\u00e1o ch\u00ed<\/p>\n<p id=\"idvzvg\">&#8211; 700 b\u01b0u c\u1ee5c khai th\u00e1c c\u1ea5p 1, 2<\/p>\n<h6 id=\"i5y1mk\">7. H\u1ec6 TH\u1ed0NG PH\u00c1T:<\/h6>\n<p id=\"i6n25q\">\u00a0&#8211; 2.500 b\u01b0u c\u1ee5c ph\u00e1t v\u00e0 b\u01b0u c\u1ee5c\/B\u0110-VHX qu\u1ea3n l\u00fd tuy\u1ebfn ph\u00e1t<\/p>\n<p id=\"i1qtph\">&#8211; T\u1ed5ng s\u1ed1 tuy\u1ebfn ph\u00e1t g\u1ea7n 16.000 tuy\u1ebfn.<\/p>\n<h6 id=\"i0vo48\">8. NG\u00c0NH NGH\u1ec0 KINH DOANH CH\u00cdNH:<\/h6>\n<p id=\"i4b027\">(1). Thi\u1ebft l\u1eadp, qu\u1ea3n l\u00fd, khai th\u00e1c v\u00e0 ph\u00e1t tri\u1ec3n m\u1ea1ng b\u01b0u ch\u00ednh c\u00f4ng c\u1ed9ng, cung c\u1ea5p c\u00e1c d\u1ecbch v\u1ee5 b\u01b0u ch\u00ednh c\u00f4ng \u00edch theo chi\u1ebfn l\u01b0\u1ee3c, quy ho\u1ea1ch, k\u1ebf ho\u1ea1ch do c\u01a1 quan Nh\u00e0 n\u01b0\u1edbc c\u00f3 th\u1ea9m quy\u1ec1n ph\u00ea duy\u1ec7t;<\/p>\n<p id=\"im0y9f\">(2). Kinh doanh c\u00e1c d\u1ecbch v\u1ee5 b\u01b0u ch\u00ednh d\u00e0nh ri\u00eang theo quy \u0111\u1ecbnh c\u1ee7a c\u01a1 quan Nh\u00e0 n\u01b0\u1edbc c\u00f3 th\u1ea9m quy\u1ec1n;<\/p>\n<p id=\"idbdck\">(3). Kinh doanh c\u00e1c d\u1ecbch v\u1ee5 b\u01b0u ch\u00ednh, ph\u00e1t h\u00e0nh b\u00e1o ch\u00ed, chuy\u1ec3n ph\u00e1t trong v\u00e0 ngo\u00e0i n\u01b0\u1edbc;<\/p>\n<p id=\"ioem9b\">(4). Tham gia c\u00e1c ho\u1ea1t \u0111\u1ed9ng cung c\u1ea5p d\u1ecbch v\u1ee5 b\u01b0u ch\u00ednh qu\u1ed1c t\u1ebf v\u00e0 c\u00e1c d\u1ecbch v\u1ee5 kh\u00e1c trong khu\u00f4n kh\u1ed5 c\u00e1c. \u0110i\u1ec1u \u01b0\u1edbc qu\u1ed1c t\u1ebf trong l\u0129nh v\u1ef1c b\u01b0u ch\u00ednh m\u00e0 Vi\u1ec7t Nam k\u00fd k\u1ebft, gia nh\u1eadp khi \u0111\u01b0\u1ee3c Nh\u00e0 n\u01b0\u1edbc cho ph\u00e9p;<\/p>\n<p id=\"iugrjh\">(5). Kinh doanh c\u00e1c ng\u00e0nh, ngh\u1ec1 kh\u00e1c theo quy \u0111\u1ecbnh c\u1ee7a ph\u00e1p lu\u1eadt.<br \/>\nSong song v\u1edbi vi\u1ec7c \u0111\u1ea3m b\u1ea3o t\u1ed1t c\u00e1c nhi\u1ec7m v\u1ee5 c\u00f4ng \u00edch, B\u01b0u \u0111i\u1ec7n Vi\u1ec7t Nam c\u0169ng m\u1edf r\u1ed9ng ho\u1ea1t \u0111\u1ed9ng kinh doanh d\u1ecbch v\u1ee5 theo h\u01b0\u1edbng \u0111\u00e1p \u1ee9ng nhu c\u1ea7u chuy\u1ec3n ph\u00e1t ch\u1ea5t l\u01b0\u1ee3ng cao, ph\u1ee5c v\u1ee5 th\u01b0\u01a1ng m\u1ea1i \u0111i\u1ec7n t\u1eed, Logistics.<br \/>\nVietnam Post c\u0169ng \u0111\u1ea9y m\u1ea1nh h\u1ee3p t\u00e1c to\u00e0n di\u1ec7n v\u1edbi c\u00e1c Ng\u00e2n h\u00e0ng, t\u1ed5 ch\u1ee9c t\u00edn d\u1ee5ng l\u1edbn t\u1ea1i Vi\u1ec7t Nam \u0111\u1ec3 th\u00fac \u0111\u1ea9y v\u00e0 tri\u1ec3n khai cung c\u1ea5p c\u00e1c d\u1ecbch v\u1ee5 t\u00edn d\u1ee5ng, ti\u1ec1n g\u1eedi; d\u1ecbch v\u1ee5 thanh to\u00e1n, thu h\u1ed9, chi h\u1ed9, chuy\u1ec3n ti\u1ec1n\u2026 ph\u1ee5c v\u1ee5 \u0111\u00f4ng \u0111\u1ea3o ng\u01b0\u1eddi d\u00e2n t\u1ea1i khu v\u1ef1c n\u00f4ng th\u00f4n, v\u00f9ng s\u00e2u, v\u00f9ng xa, mi\u1ec1n n\u00fai, h\u1ea3i \u0111\u1ea3o. C\u00e1c d\u1ecbch v\u1ee5 kinh doanh ph\u00e2n ph\u1ed1i truy\u1ec1n th\u00f4ng, \u0111\u01b0\u1ee3c m\u1edf r\u1ed9ng kinh doanh nh\u1eb1m t\u1eadn d\u1ee5ng t\u1ed1i \u0111a c\u01a1 s\u1edf h\u1ea1 t\u1ea7ng m\u1ea1ng l\u01b0\u1edbi c\u1ee7a T\u1ed5ng c\u00f4ng ty. \u0110\u1eb7c bi\u1ec7t, B\u01b0u \u0111i\u1ec7n Vi\u1ec7t Nam \u0111\u01b0\u1ee3c giao th\u1ef1c hi\u1ec7n nhi\u1ec7m v\u1ee5 cung c\u1ea5p c\u00e1c d\u1ecbch v\u1ee5 h\u00e0nh ch\u00ednh c\u00f4ng tr\u00ean to\u00e0n qu\u1ed1c.<\/p>\n<h6 id=\"iex8nl\">9. HO\u1ea0T \u0110\u1ed8NG C\u1ed8NG \u0110\u1ed2NG:<\/h6>\n<p id=\"im4yl3\">T\u1ed5ng c\u00f4ng ty B\u01b0u \u0111i\u1ec7n Vi\u1ec7t Nam l\u00e0 doanh nghi\u1ec7p b\u01b0u ch\u00ednh qu\u1ed1c gia c\u00f3 nhi\u1ec7m v\u1ee5 duy tr\u00ec v\u00e0 qu\u1ea3n l\u00fd m\u1ea1ng b\u01b0u ch\u00ednh c\u00f4ng c\u1ed9ng tr\u00ean to\u00e0n l\u00e3nh th\u1ed5 Vi\u1ec7t Nam, ph\u1ee5c v\u1ee5 s\u1ef1 nghi\u1ec7p ph\u00e1t tri\u1ec3n kinh t\u1ebf x\u00e3 h\u1ed9i, x\u00f3a \u0111\u00f3i gi\u1ea3m ngh\u00e8o, gi\u1ea3m nh\u1eb9 thi\u00ean tai. B\u00ean c\u1ea1nh \u0111\u00f3, B\u01b0u \u0111i\u1ec7n Vi\u1ec7t Nam c\u0169ng d\u00e0nh nhi\u1ec1u s\u1ef1 quan t\u00e2m, chia s\u1ebb, th\u1ec3 hi\u1ec7n tr\u00e1ch nhi\u1ec7m \u0111\u1ed1i v\u1edbi c\u1ed9ng \u0111\u1ed3ng nh\u01b0: \u1ee7ng h\u1ed9 qu\u1ef9 v\u00ec ng\u01b0\u1eddi ngh\u00e8o; qu\u1ef9 t\u1ea5m l\u00f2ng v\u00e0ng; qu\u1ef9 \u0111\u1ec1n \u01a1n \u0111\u00e1p ngh\u0129a; qu\u1ef9 Vaccine ph\u00f2ng, ch\u1ed1ng COVID-19. T\u00edch c\u1ef1c \u1ee7ng h\u1ed9 c\u00e1c ho\u1ea1t \u0111\u1ed9ng v\u00ec bi\u1ec3n \u0111\u1ea3o; h\u1ed7 tr\u1ee3 v\u1eadn chuy\u1ec3n h\u00e0ng c\u1ee9u tr\u1ee3 cho \u0111\u1ed3ng b\u00e0o c\u00f3 ho\u00e0n c\u1ea3nh kh\u00f3 kh\u0103n, ch\u1ecbu \u1ea3nh h\u01b0\u1edfng n\u1eb7ng n\u1ec1 do b\u00e3o l\u0169; ch\u0103m s\u00f3c th\u01b0\u01a1ng b\u1ec7nh binh, M\u1eb9 Vi\u1ec7t Nam anh h\u00f9ng; \u0111\u1ed3ng h\u00e0nh c\u00f9ng c\u00e1c ch\u01b0\u01a1ng tr\u00ecnh chung tay h\u1ed7 tr\u1ee3 ng\u01b0\u1eddi d\u00e2n kinh doanh \u0111\u1ec3 tho\u00e1t ngh\u00e8o \u2026<\/p>\n<h6 id=\"ic6dum\">10. H\u1ee2P T\u00c1C LI\u00caN DOANH:<\/h6>\n<p id=\"i5vp5k\">Hi\u1ec7n t\u1ea1i, Vietnam Post l\u00e0 th\u00e0nh vi\u00ean c\u1ee7a T\u1ed5 ch\u1ee9c Li\u00ean minh b\u01b0u ch\u00ednh th\u1ebf gi\u1edbi (UPU), c\u00f3 quan h\u1ec7 h\u1ee3p t\u00e1c v\u1edbi B\u01b0u ch\u00ednh c\u1ee7a h\u1ea7u h\u1ebft c\u00e1c qu\u1ed1c gia tr\u00ean th\u1ebf gi\u1edbi. B\u00ean c\u1ea1nh \u0111\u00f3, Vietnam Post c\u0169ng l\u00e0 \u0111\u1ed1i t\u00e1c c\u1ee7a nhi\u1ec1u T\u1eadp \u0111o\u00e0n, t\u1ed5 ch\u1ee9c t\u00edn d\u1ee5ng l\u1edbn trong n\u01b0\u1edbc c\u0169ng nh\u01b0 qu\u1ed1c t\u1ebf nh\u01b0: Vingroup, TH, BRG, FPT, Vietnam Airlines, VietJet Air, Daiichi-life, LPBank, MB, Western Union,&#8230; .<\/p>\n<\/div>\n","protected":false},"excerpt":{"rendered":"<p>GI\u1edaI THI\u1ec6U CHUNG T\u00ean giao d\u1ecbch:\u00a0\u00a0T\u1ed5ng c\u00f4ng ty B\u01b0u \u0111i\u1ec7n Vi\u1ec7t Nam T\u00ean vi\u1ebft t\u1eaft:\u00a0\u00a0B\u01b0u \u0111i\u1ec7n Vi\u1ec7t Nam T\u00ean giao d\u1ecbch qu\u1ed1c t\u1ebf:\u00a0\u00a0Vietnam Post T\u00ean vi\u1ebft t\u1eaft qu\u1ed1c t\u1ebf:\u00a0\u00a0VNPost \u0110i\u1ec1u l\u1ec7 ho\u1ea1t \u0111\u1ed9ng:\u00a0\u00a0T\u1ea1i \u0111\u00e2y T\u1ed5ng c\u00f4ng ty B\u01b0u \u0111i\u1ec7n Vi\u1ec7t Nam \u0111\u01b0\u1ee3c h\u00ecnh th\u00e0nh tr\u00ean c\u01a1 s\u1edf tri\u1ec3n khai \u0110\u1ec1 \u00e1n th\u00ed \u0111i\u1ec3m h\u00ecnh th\u00e0nh [&#8230;]\n","protected":false},"author":2,"featured_media":0,"parent":0,"menu_order":0,"comment_status":"closed","ping_status":"closed","template":"","meta":{"footnotes":""},"class_list":["post-241","page","type-page","status-publish","hentry"],"_links":{"self":[{"href":"https:\/\/sale.vietnampost.vn\/vaytieudung\/wp-json\/wp\/v2\/pages\/241","targetHints":{"allow":["GET"]}}],"collection":[{"href":"https:\/\/sale.vietnampost.vn\/vaytieudung\/wp-json\/wp\/v2\/pages"}],"about":[{"href":"https:\/\/sale.vietnampost.vn\/vaytieudung\/wp-json\/wp\/v2\/types\/page"}],"author":[{"embeddable":true,"href":"https:\/\/sale.vietnampost.vn\/vaytieudung\/wp-json\/wp\/v2\/users\/2"}],"replies":[{"embeddable":true,"href":"https:\/\/sale.vietnampost.vn\/vaytieudung\/wp-json\/wp\/v2\/comments?post=241"}],"version-history":[{"count":2,"href":"https:\/\/sale.vietnampost.vn\/vaytieudung\/wp-json\/wp\/v2\/pages\/241\/revisions"}],"predecessor-version":[{"id":468,"href":"https:\/\/sale.vietnampost.vn\/vaytieudung\/wp-json\/wp\/v2\/pages\/241\/revisions\/468"}],"wp:attachment":[{"href":"https:\/\/sale.vietnampost.vn\/vaytieudung\/wp-json\/wp\/v2\/media?parent=241"}],"curies":[{"name":"wp","href":"https:\/\/api.w.org\/{rel}","templated":true}]}}